 210.
21
Calculate the highest common divisor of 1497 and 12216.
3
What is the greatest common divisor of 14385 and 1485?
15
What is the greatest common factor of 26911 and 85?
17
Calculate the highest common factor of 10060 and 2680.
20
What is the greatest common divisor of 260661 and 247?
19
What is the highest common factor of 2013 and 7799?
11
Calculate the greatest common factor of 813106 and 98.
98
Calculate the greatest common divisor of 190 and 44555.
95
What is the highest common factor of 108539 and 349?
349
Calculate the highest common divisor of 77 and 404992.
7
Calculate the highest common factor of 10244 and 65404.
788
What is the highest common factor of 300 and 90260?
20
Calculate the greatest common divisor of 10020 and 2420.
20
Calculate the highest common factor of 597125 and 375.
125
What is the highest common factor of 3125 and 2625?
125
What is the greatest common divisor of 6995097 and 361?
361
Calculate the greatest common factor of 176 and 11198.
22
What is the greatest common divisor of 467789 and 51?
17
Calculate the highest common factor of 8568 and 369376.
952
What is the highest common factor of 15666 and 1176?
42
What is the greatest common factor of 1300 and 4551820?
260
Calculate the greatest common factor of 276 and 8796.
12
What is the highest common factor of 23013 and 9?
9
What is the highest common divisor of 328725 and 33603?
1461
What is the highest common divisor of 85715 and 31?
31
What is the greatest common divisor of 424201 and 272?
17
Calculate the highest common factor of 265 and 339995.
265
Calculate the highest common factor of 105 and 70805.
35
What is the greatest common factor of 3570 and 6195?
105
Calculate the highest common factor of 386005 and 5.
5
Calculate the highest common factor of 27209 and 13.
13
What is the highest common divisor of 11809 and 196?
49
Calculate the greatest common divisor of 1184424 and 1224.
408
What is the greatest common divisor of 950 and 2800?
50
What is the highest common factor of 112 and 7133?
7
What is the greatest common factor of 3 and 30333?
3
What is the highest common factor of 1804 and 35629?
451
What is the highest common factor of 7 and 115339?
7
What is the highest common factor of 52078 and 143?
13
Calculate the highest common divisor of 144890 and 90.
10
What is the highest common divisor of 153 and 585?
9
Calculate the highest common divisor of 46737 and 4039.
577
Calculate the greatest common factor of 7 and 4768.
1
What is the highest common divisor of 19844 and 44?
44
What is the greatest common divisor of 522 and 126498?
174
Calculate the highest common factor of 129 and 2365.
43
Calculate the greatest common divisor of 871 and 17219.
67
What is the greatest common divisor of 8121132 and 1116?
1116
Calculate the greatest common divisor of 3072 and 1054848.
384
Calculate the greatest common divisor of 146625 and 1625.
125
What is the highest common factor of 13932 and 891?
81
What is the greatest common divisor of 2748018 and 91?
91
What is the highest common factor of 37 and 3947?
1
What is the highest common factor of 205 and 32718?
41
What is the highest common factor of 54 and 8070?
6
Calculate the highest common divisor of 126 and 73934.
14
What is the greatest common factor of 124208 and 63?
7
What is the greatest common factor of 226 and 983778?
226
Calculate the highest common divisor of 20061425 and 25.
25
What is the highest common divisor of 216 and 1416?
24
What is the highest common divisor of 341744 and 23744?
848
What is the highest common divisor of 350 and 319975?
25
Calculate the greatest common factor of 1995188 and 481.
481
What is the greatest common divisor of 1220 and 462990?
610
Calculate the greatest common divisor of 198 and 33198.
66
Calculate the highest common factor of 10 and 10985450.
10
Calculate the highest common divisor of 57343 and 286.
143
What is the highest common factor of 77 and 5085157?
77
What is the greatest common divisor of 759 and 40931?
11
What is the highest common divisor of 187925 and 575?
25
What is the greatest common divisor of 38577 and 11?
11
What is the highest common factor of 510 and 56865?
255
Calculate the highest common factor of 59398 and 16.
2
What is the greatest common factor of 10 and 14670?
10
What is the highest common divisor of 1185030 and 385?
385
Calculate the highest common divisor of 6937 and 1267.
7
What is the highest common factor of 365390 and 15?
5
What is the greatest common divisor of 363 and 12111?
33
Calculate the highest common divisor of 222 and 402.
6
What is the highest common factor of 208 and 3088?
16
Calculate the highest common factor of 57778 and 1526.
14
What is the greatest common factor of 77013 and 398?
199
Calculate the highest common factor of 2415 and 197547.
483
What is the highest common divisor of 19514 and 22?
22
Calculate the greatest common factor of 360 and 14960.
40
What is the highest common divisor of 278075 and 50?
25
Calculate the greatest common divisor of 22 and 1451175.
11
Calculate the greatest common factor of 90 and 18820.
10
What is the highest common factor of 36 and 2448?
36
What is the greatest common factor of 303 and 65347?
101
Calculate the greatest common divisor of 116040 and 3360.
120
What is the highest common factor of 812 and 141085?
203
What is the highest common divisor of 115 and 1147815?
115
Calculate the highest common divisor of 1479 and 276080.
493
What is the highest common divisor of 16 and 1259760?
16
What is the greatest common factor of 385 and 5705?
35
Calculate the greatest common factor of 2180 and 13952.
436
What is the highest common divisor of 444 and 216192?
12
What is the greatest common divisor of 5525 and 6800?
425
Calculate the greatest common factor of 188 and 159142.
94
Calculate the highest common divisor of 36 and 13086.
18
What is the highest common factor of 70 and 368886?
14
What is the highest common divisor of 432 and 59832?
216
Calculate the highest common factor of 314303 and 462.
11
Calculate the highest common factor of 255 and 89580.
15
Calculate the greatest common factor of 31739 and 187.
17
What is the greatest common factor of 500 and 498875?
125
Calculate the highest common factor of 815941 and 287.
287
Calculate the highest common factor of 136485 and 162.
81
Calculate the highest common factor of 450 and 79965.
45
What is the highest common divisor of 56 and 259504?
56
What is the highest common divisor of 7967472 and 508?
508
Calculate the highest common factor of 711984 and 260.
52
Calculate the greatest common divisor of 11085 and 270.
15
What is the highest common divisor of 880 and 53152?
176
What is the highest common divisor of 962 and 4726306?
962
What is the greatest common factor of 224499 and 33?
33
Calculate the greatest common factor of 1250 and 2606750.
250
What is the greatest common factor of 256 and 2933760?
256
Calculate the highest common divisor of 2424 and 40.
8
Calculate the highest common factor of 12400 and 14384.
496
What is the greatest common factor of 38304 and 7776?
288
Calculate the highest common factor of 36 and 18396.
36
Calculate the highest common factor of 2011492 and 28.
28
What is the highest common divisor of 58545 and 900?
45
Calculate the highest common factor of 394 and 1.
1
What is the highest common divisor of 1097948 and 212?
212
What is the greatest common divisor of 381649 and 1185?
79
What is the highest common divisor of 112 and 350448?
112
Calculate the highest common factor of 12728 and 6020.
172
What is the highest common divisor of 697 and 25379?
41
What is the highest common divisor of 95473 and 1186?
593
What is the greatest common factor of 109188 and 337?
337
Calculate the highest common divisor of 160 and 10735.
5
What is the greatest common divisor of 746261 and 401?
401
What is the highest common factor of 752 and 4841?
47
Calculate the highest common factor of 19 and 390545.
19
What is the highest common factor of 1411 and 1394?
17
What is the highest common factor of 5863725 and 73?
73
Calculate the greatest common factor of 122 and 117242.
122
What is the greatest common divisor of 31518 and 16660?
34
What is the highest common factor of 631470 and 840?
210
Calculate the greatest common factor of 2183 